{"id":8,"date":"2018-12-18T14:08:24","date_gmt":"2018-12-18T14:08:24","guid":{"rendered":"http:\/\/sumoliitto.fi\/?page_id=8"},"modified":"2025-03-03T19:35:09","modified_gmt":"2025-03-03T17:35:09","slug":"etusivu","status":"publish","type":"page","link":"http:\/\/sumoliitto.fi\/","title":{"rendered":"Etusivu"},"content":{"rendered":"\n<p>Markus Latvalalle kultaa West-Viru Openista 2025! <a href=\"http:\/\/sumoliitto.fi\/?page_id=495\" data-type=\"page\" data-id=\"495\">Lue lis\u00e4\u00e4&#8230;<\/a><\/p>\n\n\n\n<p>Markus Latvala viides MM-kisoissa 2024 Puolassa! <a href=\"http:\/\/sumoliitto.fi\/?page_id=475\" data-type=\"page\" data-id=\"475\">Lue lis\u00e4\u00e4&#8230;<\/a><\/p>\n\n\n\n<p>Markus Latvala viides EM-kisoissa 2024 Kreikassa! <a href=\"http:\/\/sumoliitto.fi\/?page_id=466\" data-type=\"page\" data-id=\"466\">Lue lis\u00e4\u00e4&#8230;<\/a><\/p>\n\n\n\n<p>Hannu Kulmalalle pronssia MM-kisoista 2023 Japanissa! <a href=\"http:\/\/sumoliitto.fi\/?page_id=385\">Lue lis\u00e4\u00e4&#8230;<\/a><\/p>\n\n\n\n<div class=\"wp-block-columns has-2-columns is-layout-flex wp-container-core-columns-is-layout-9d6595d7 wp-block-columns-is-layout-flex\">\n<div class=\"wp-block-column is-layout-flow wp-block-column-is-layout-flow\">\n<figure class=\"wp-block-image size-full\"><img loading=\"lazy\" decoding=\"async\" width=\"640\" height=\"480\" src=\"http:\/\/sumoliitto.fi\/wp-content\/uploads\/2023\/10\/MM-2023-Hannu-Kulmala-mitalienjako.jpg\" alt=\"\" class=\"wp-image-403\" srcset=\"http:\/\/sumoliitto.fi\/wp-content\/uploads\/2023\/10\/MM-2023-Hannu-Kulmala-mitalienjako.jpg 640w, http:\/\/sumoliitto.fi\/wp-content\/uploads\/2023\/10\/MM-2023-Hannu-Kulmala-mitalienjako-300x225.jpg 300w\" sizes=\"auto, (max-width: 640px) 100vw, 640px\" \/><\/figure>\n<\/div>\n\n\n\n<div class=\"wp-block-column is-layout-flow wp-block-column-is-layout-flow\">\n<p class=\"has-text-align-left has-primary-background-color has-background\" style=\"font-size:28.5px\">SPONSORIT<\/p>\n\n\n\n<figure class=\"wp-block-image\"><img loading=\"lazy\" decoding=\"async\" width=\"150\" height=\"56\" src=\"http:\/\/sumoliitto.fi\/wp-content\/uploads\/2018\/12\/Brother.jpg\" alt=\"\" class=\"wp-image-219\"\/><\/figure>\n\n\n\n<figure class=\"wp-block-image\"><img loading=\"lazy\" decoding=\"async\" width=\"150\" height=\"32\" src=\"http:\/\/sumoliitto.fi\/wp-content\/uploads\/2018\/12\/A-Rehu.jpg\" alt=\"\" class=\"wp-image-220\"\/><\/figure>\n\n\n\n<figure class=\"wp-block-image is-resized\"><img loading=\"lazy\" decoding=\"async\" width=\"118\" height=\"112\" src=\"http:\/\/sumoliitto.fi\/wp-content\/uploads\/2023\/10\/Osuuspankki.jpg\" alt=\"\" class=\"wp-image-394\" style=\"width:100px\"\/><\/figure>\n<\/div>\n<\/div>\n","protected":false},"excerpt":{"rendered":"<p>Markus Latvalalle kultaa West-Viru Openista 2025! Lue lis\u00e4\u00e4&#8230; Markus Latvala viides MM-kisoissa 2024 Puolassa! Lue lis\u00e4\u00e4&#8230; Markus Latvala viides EM-kisoissa 2024 Kreikassa! Lue lis\u00e4\u00e4&#8230; Hannu Kulmalalle pronssia MM-kisoista 2023 Japanissa! Lue lis\u00e4\u00e4&#8230; SPONSORIT<\/p>\n","protected":false},"author":1,"featured_media":0,"parent":0,"menu_order":1,"comment_status":"closed","ping_status":"closed","template":"","meta":{"footnotes":""},"class_list":["post-8","page","type-page","status-publish","hentry","entry"],"_links":{"self":[{"href":"http:\/\/sumoliitto.fi\/index.php?rest_route=\/wp\/v2\/pages\/8","targetHints":{"allow":["GET"]}}],"collection":[{"href":"http:\/\/sumoliitto.fi\/index.php?rest_route=\/wp\/v2\/pages"}],"about":[{"href":"http:\/\/sumoliitto.fi\/index.php?rest_route=\/wp\/v2\/types\/page"}],"author":[{"embeddable":true,"href":"http:\/\/sumoliitto.fi\/index.php?rest_route=\/wp\/v2\/users\/1"}],"replies":[{"embeddable":true,"href":"http:\/\/sumoliitto.fi\/index.php?rest_route=%2Fwp%2Fv2%2Fcomments&post=8"}],"version-history":[{"count":30,"href":"http:\/\/sumoliitto.fi\/index.php?rest_route=\/wp\/v2\/pages\/8\/revisions"}],"predecessor-version":[{"id":498,"href":"http:\/\/sumoliitto.fi\/index.php?rest_route=\/wp\/v2\/pages\/8\/revisions\/498"}],"wp:attachment":[{"href":"http:\/\/sumoliitto.fi\/index.php?rest_route=%2Fwp%2Fv2%2Fmedia&parent=8"}],"curies":[{"name":"wp","href":"https:\/\/api.w.org\/{rel}","templated":true}]}}